e the prime factors of 101583?
3, 11287
List the prime factors of 74499.
3, 19, 1307
List the prime factors of 5956735.
5, 1191347
List the prime factors of 14792670.
2, 3, 5, 164363
List the prime factors of 20187270.
2, 3, 5, 224303
List the prime factors of 1732785.
3, 5, 331, 349
What are the prime factors of 1062770?
2, 5, 106277
List the prime factors of 1191764.
2, 7, 31, 1373
What are the prime factors of 1915001?
11, 174091
List the prime factors of 1392782.
2, 373, 1867
List the prime factors of 247630.
2, 5, 24763
What are the prime factors of 4700126?
2, 17, 138239
What are the prime factors of 140360?
2, 5, 11, 29
What are the prime factors of 156827?
11, 53, 269
What are the prime factors of 163632?
2, 3, 7, 487
List the prime factors of 2728714.
2, 41, 107, 311
What are the prime factors of 3103478?
2, 7, 221677
What are the prime factors of 7125995?
5, 1425199
What are the prime factors of 24812195?
5, 19, 139, 1879
What are the prime factors of 339578?
2, 169789
List the prime factors of 464375.
5, 743
List the prime factors of 2339594.
2, 61, 127, 151
List the prime factors of 4433934.
2, 3, 738989
List the prime factors of 420527.
19, 22133
List the prime factors of 5185835.
5, 31, 33457
What are the prime factors of 251500?
2, 5, 503
What are the prime factors of 166489?
29, 5741
What are the prime factors of 2293942?
2, 7, 163853
List the prime factors of 3562653.
3, 1187551
What are the prime factors of 136078?
2, 19, 3581
List the prime factors of 3871934.
2, 11, 19, 59, 157
What are the prime factors of 4186789?
1693, 2473
What are the prime factors of 141826?
2, 70913
What are the prime factors of 273889?
7, 11, 3557
What are the prime factors of 8851045?
5, 7, 252887
What are the prime factors of 3985314?
2, 3, 643, 1033
List the prime factors of 51476.
2, 17, 757
List the prime factors of 9856851.
3, 41, 127, 631
What are the prime factors of 434353?
434353
List the prime factors of 1254894.
2, 3, 199, 1051
List the prime factors of 3165790.
2, 5, 197, 1607
List the prime factors of 819226.
2, 157, 2609
What are the prime factors of 340731?
3, 17, 131
List the prime factors of 478204.
2, 119551
List the prime factors of 6467650.
2, 5, 7, 17, 1087
List the prime factors of 2613805.
5, 522761
What are the prime factors of 162795?
3, 5, 10853
What are the prime factors of 5883496?
2, 17, 43261
What are the prime factors of 7225?
5, 17
List the prime factors of 26024884.
2, 6506221
List the prime factors of 1635264.
2, 3, 17, 167
List the prime factors of 416629.
416629
List the prime factors of 2676860.
2, 5, 133843
What are the prime factors of 714046?
2, 223, 1601
List the prime factors of 5098331.
7, 728333
What are the prime factors of 11492534?
2, 47, 103, 1187
List the prime factors of 3969166.
2, 59, 33637
List the prime factors of 1843132.
2, 197, 2339
List the prime factors of 107796.
2, 3, 13, 691
What are the prime factors of 15135065?
5, 11, 275183
List the prime factors of 2005800.
2, 3, 5, 3343
What are the prime factors of 1534529?
229, 6701
What are the prime factors of 629210?
2, 5, 62921
What are the prime factors of 5597072?
2, 13, 71, 379
What are the prime factors of 1126604?
2, 281651
List the prime factors of 1587700.
2, 5, 15877
What are the prime factors of 5325019?
7, 131, 5807
What are the prime factors of 11681747?
7, 11, 21673
What are the prime factors of 12056454?
2, 3, 131, 5113
List the prime factors of 6967308.
2, 3, 29, 20021
What are the prime factors of 324591?
3, 257, 421
What are the prime factors of 7211429?
7211429
What are the prime factors of 1345422?
2, 3, 13, 47, 367
What are the prime factors of 556449?
3, 185483
What are the prime factors of 14482?
2, 13, 557
What are the prime factors of 88937?
88937
List the prime factors of 207330.
2, 3, 5, 6911
What are the prime factors of 298213?
298213
List the prime factors of 449126.
2, 224563
What are the prime factors of 244570?
2, 5, 37, 661
List the prime factors of 1951166.
2, 7, 139369
List the prime factors of 1188408.
2, 3, 13, 293
List the prime factors of 7622517.
3, 7, 362977
What are the prime factors of 7236266?
2, 241, 15013
List the prime factors of 3103138.
2, 43, 36083
List the prime factors of 9787555.
5, 283, 6917
List the prime factors of 129490.
2, 5, 23, 563
List the prime factors of 381857.
7, 7793
List the prime factors of 638482.
2, 13, 1889
List the prime factors of 25288648.
2, 7, 11, 61, 673
List the prime factors of 44161.
13, 43, 79
List the prime factors of 3409184.
2, 106537
List the prime factors of 1122700.
2, 5, 103, 109
List the prime factors of 983596.
2, 245899
What are the prime factors of 3592967?
7, 17, 109, 277
What are the prime factors of 1763970?
2, 3, 5, 13, 4523
What are the prime factors of 2688832?
2, 42013
What are the prime factors of 164168?
2, 20521
List the prime factors of 72096.
2, 3, 751
List the prime factors of 769021.
11, 69911
What are the prime factors of 247057?
19, 13003
What are the prime factors of 135906?
2, 3, 22651
List the prime factors of 1630769.
7, 23, 1447
What are the prime factors of 12237588?
2, 3, 11, 10301
What are the prime factors of 5556821?
5556821
List the prime factors of 2354091.
3, 784697
What are the prime factors of 1377217?
23, 59879
What are the prime factors of 10783446?
2, 3, 1797241
List the prime factors of 7162514.
2, 3581257
What are the prime factors of 237071?
237071
List the prime factors of 5796358.
2, 1549, 1871
List the prime factors of 744142.
2, 7, 23, 2311
List the prime factors of 4636274.
2, 17, 136361
List the prime factors of 1533203.
7, 23, 89, 107
List the prime factors of 9100.
2, 5, 7, 13
List the prime factors of 4051353.
3, 47, 59, 487
List the prime factors of 514750.
2, 5, 29, 71
List the prime factors of 901356.
2, 3, 31, 2423
List the prime factors of 4286502.
2, 3, 11, 21649
What are the prime factors of 21849272?
2, 2731159
List the prime factors of 5659636.
2, 101, 14009
What are the prime factors of 232409?
232409
What are the prime factors of 147514?
2, 73757
List the prime factors of 207028.
2, 73, 709
List the prime factors of 23299386.
2, 3, 11, 353021
What are the prime factors of 506357?
506357
What are the prime factors of 24303?
3, 8101
What are the prime factors of 15945?
3, 5, 1063
What are the prime factors of 646087?
13, 3823
What are the prime factors of 5948149?
5948149
What are the prime factors of 5514426?
2, 3, 17, 6007
What are the prime factors of 443632?
2, 7, 17, 233
What are the prime factors of 3757842?
2, 3, 11, 18979
What are the prime factors of 554093?
23, 24091
List the prime factors of 272429.
89, 3061
What are the prime factors of 481190?
2, 5, 48119
What are the prime factors of 17685901?
17685901
List the prime factors of 2067388.
2, 516847
What are the prime factors of 4231141?
577, 7333
What are the prime factors of 23238440?
2, 5, 367, 1583
What are the prime factors of 2657736?
2, 3, 36913
What are the prime factors of 4269519?
3, 474391
List the prime factors of 198200.
2, 5, 991
List the prime factors of 38298188.
2, 211, 45377
List the prime factors of 1943151.
3, 7, 17, 5443
What are the prime factors of 367165?
5, 73433
List the prime factors of 1764676.
2, 441169
What are the prime factors of 8497408?
2, 19, 1747
What are the prime factors of 13184537?
17, 19, 40819
List the prime factors of 399217.
7, 13, 41, 107
What are the prime factors of 1163290?
2, 5, 116329
List the prime factors of 108080.
2, 5, 7, 193
What are the prime factors of 195771?
3, 65257
What are the prime factors of 612556?
2, 7, 131, 167
List the prime factors of 5482238.
2, 2741119
What are the prime factors of 1191184?
2, 74449
List the prime factors of 2502485.
5, 17, 59, 499
What are the prime factors of 175754?
2, 87877
What are the prime factors of 619594?
2, 309797
List the prime factors of 1177726.
2, 11, 17, 47, 67
List the prime factors of 24388270.
2, 5, 131, 18617
List the prime factors of 3366225.
3, 5, 4987
List the prime factors of 275292.
2, 3, 2549
List the prime factors of 2069934.
2, 3, 43, 71, 113
List the prime factors of 423770.
2, 5, 31, 1367
What are the prime factors of 19282619?
43, 53, 8461
What are the prime factors of 3053723?
1433, 2131
What are the prime factors